{"id":890,"date":"2014-07-05T12:30:30","date_gmt":"2014-07-05T10:30:30","guid":{"rendered":"http:\/\/www.kleingartenverein-ladenburg.de\/?page_id=890"},"modified":"2025-05-01T06:56:06","modified_gmt":"2025-05-01T06:56:06","slug":"fachberatung","status":"publish","type":"page","link":"https:\/\/www.kleingartenverein-ladenburg.de\/?page_id=890","title":{"rendered":"Fachberatung"},"content":{"rendered":"<p><a href=\"http:\/\/www.landesverband-bw.de\">Landesverband der Gartenfreunde Baden-W\u00fcrttemberg e.V.<\/a><\/p>\n<p><a href=\"https:\/\/www.kleingartenverein-ladenburg.de\/?page_id=146\" target=\"_blank\" rel=\"noopener\"><span style=\"text-decoration: underline;\">Gartenkommision des KGV<\/span><\/a><\/p>\n<p><span style=\"text-decoration: underline;\">Sonstige Gartentipps:<\/span><\/p>\n<ul>\n<li><a title=\"Sommerschnitt\" href=\"http:\/\/kleingartenverein-ladenburg.de\/wp-content\/pdf\/Sommerschnitt.pdf\" target=\"_blank\" rel=\"noopener\">Sommerschnitt<\/a> von B\u00e4umen usw.<\/li>\n<li>Quelle: Verband Garten-, Landschafts- und Sportplatzbau Baden-W\u00fcrttemberg e.V.<\/li>\n<li><a title=\"Sch\u00e4dlinge im Garten\" href=\"http:\/\/kleingartenverein-ladenburg.de\/wp-content\/pdf\/LTZ_Mitteilungen.pdf\" target=\"_blank\" rel=\"noopener\">Sch\u00e4dlinge im Garten<\/a><br \/>\nQuelle: Landwirtschaftliches Technologiezentrums Augustenberg (LTZ)<\/li>\n<li><a href=\"http:\/\/kleingartenverein-ladenburg.de\/wp-content\/pdf\/Tomatenfaeule.pdf\" target=\"_blank\" rel=\"noopener\">Tomaten- und Krautf\u00e4ule<\/a><br \/>\nQuelle: Landesverband der Gartenfreunde Baden-W\u00fcrttemberg e.V.<\/li>\n<li><a href=\"http:\/\/www.gartenfreunde-landesverband-bw.de\/Info\/Fachinformationen\">Diverse Fachinformationen<\/a><br \/>\nQuelle: Landesverband der Gartenfreunde Baden-W\u00fcrttemberg e.V.<\/li>\n<\/ul>\n","protected":false},"excerpt":{"rendered":"<p>Landesverband der Gartenfreunde Baden-W\u00fcrttemberg e.V. Gartenkommision des KGV Sonstige Gartentipps: Sommerschnitt von B\u00e4umen usw. Quelle: Verband Garten-, Landschafts- und Sportplatzbau Baden-W\u00fcrttemberg e.V. Sch\u00e4dlinge im Garten Quelle: Landwirtschaftliches Technologiezentrums Augustenberg (LTZ) Tomaten- und Krautf\u00e4ule Quelle: Landesverband der Gartenfreunde Baden-W\u00fcrttemberg e.V. Diverse Fachinformationen Quelle: Landesverband der Gartenfreunde Baden-W\u00fcrttemberg e.V.<\/p>\n","protected":false},"author":2,"featured_media":0,"parent":871,"menu_order":1,"comment_status":"closed","ping_status":"closed","template":"","meta":{"ngg_post_thumbnail":0,"footnotes":""},"class_list":["post-890","page","type-page","status-publish","hentry"],"_links":{"self":[{"href":"https:\/\/www.kleingartenverein-ladenburg.de\/index.php?rest_route=\/wp\/v2\/pages\/890","targetHints":{"allow":["GET"]}}],"collection":[{"href":"https:\/\/www.kleingartenverein-ladenburg.de\/index.php?rest_route=\/wp\/v2\/pages"}],"about":[{"href":"https:\/\/www.kleingartenverein-ladenburg.de\/index.php?rest_route=\/wp\/v2\/types\/page"}],"author":[{"embeddable":true,"href":"https:\/\/www.kleingartenverein-ladenburg.de\/index.php?rest_route=\/wp\/v2\/users\/2"}],"replies":[{"embeddable":true,"href":"https:\/\/www.kleingartenverein-ladenburg.de\/index.php?rest_route=%2Fwp%2Fv2%2Fcomments&post=890"}],"version-history":[{"count":12,"href":"https:\/\/www.kleingartenverein-ladenburg.de\/index.php?rest_route=\/wp\/v2\/pages\/890\/revisions"}],"predecessor-version":[{"id":3015,"href":"https:\/\/www.kleingartenverein-ladenburg.de\/index.php?rest_route=\/wp\/v2\/pages\/890\/revisions\/3015"}],"up":[{"embeddable":true,"href":"https:\/\/www.kleingartenverein-ladenburg.de\/index.php?rest_route=\/wp\/v2\/pages\/871"}],"wp:attachment":[{"href":"https:\/\/www.kleingartenverein-ladenburg.de\/index.php?rest_route=%2Fwp%2Fv2%2Fmedia&parent=890"}],"curies":[{"name":"wp","href":"https:\/\/api.w.org\/{rel}","templated":true}]}}