{"id":109,"date":"2012-08-20T21:26:29","date_gmt":"2012-08-20T21:26:29","guid":{"rendered":"http:\/\/test.kleingartenverein-ladenburg.de\/?page_id=109"},"modified":"2017-12-22T20:17:15","modified_gmt":"2017-12-22T20:17:15","slug":"anlagen","status":"publish","type":"page","link":"https:\/\/www.kleingartenverein-ladenburg.de\/?page_id=109","title":{"rendered":"Anlagen"},"content":{"rendered":"<p>Der KGV betreibt 2 Gartenanlagen in Ladenburg.<\/p>\n<p>Mit 120 Parzellen verschiedener Gr\u00f6\u00dfe und \u00fcber 4,4 Hektar Gesamtfl\u00e4che ist die Anlage \u201cHeddesheimer Weg\u201d die Gr\u00f6\u00dfte, die Anlage&nbsp;\u201dAufeld\u201d (Weststadt) hat zur Zeit 28 Parzellen mit jeweils rund 300 qm.<\/p>\n<p>Neben Beschreibungen und Bildern der einzelnen Anlagen finden Sie auf den Anlagen-Seiten auch die Kontaktadresse der jeweiligen Anlagenleitung.<\/p>\n","protected":false},"excerpt":{"rendered":"<p>Der KGV betreibt 2 Gartenanlagen in Ladenburg. Mit 120 Parzellen verschiedener Gr\u00f6\u00dfe und \u00fcber 4,4 Hektar Gesamtfl\u00e4che ist die Anlage \u201cHeddesheimer Weg\u201d die Gr\u00f6\u00dfte, die Anlage&nbsp;\u201dAufeld\u201d (Weststadt) hat zur Zeit 28 Parzellen mit jeweils rund 300 qm. Neben Beschreibungen und Bildern der einzelnen Anlagen finden Sie auf den Anlagen-Seiten auch die Kontaktadresse der jeweiligen Anlagenleitung.<\/p>\n","protected":false},"author":2,"featured_media":0,"parent":0,"menu_order":5,"comment_status":"closed","ping_status":"closed","template":"","meta":{"ngg_post_thumbnail":0,"footnotes":""},"class_list":["post-109","page","type-page","status-publish","hentry"],"_links":{"self":[{"href":"https:\/\/www.kleingartenverein-ladenburg.de\/index.php?rest_route=\/wp\/v2\/pages\/109","targetHints":{"allow":["GET"]}}],"collection":[{"href":"https:\/\/www.kleingartenverein-ladenburg.de\/index.php?rest_route=\/wp\/v2\/pages"}],"about":[{"href":"https:\/\/www.kleingartenverein-ladenburg.de\/index.php?rest_route=\/wp\/v2\/types\/page"}],"author":[{"embeddable":true,"href":"https:\/\/www.kleingartenverein-ladenburg.de\/index.php?rest_route=\/wp\/v2\/users\/2"}],"replies":[{"embeddable":true,"href":"https:\/\/www.kleingartenverein-ladenburg.de\/index.php?rest_route=%2Fwp%2Fv2%2Fcomments&post=109"}],"version-history":[{"count":1,"href":"https:\/\/www.kleingartenverein-ladenburg.de\/index.php?rest_route=\/wp\/v2\/pages\/109\/revisions"}],"predecessor-version":[{"id":1591,"href":"https:\/\/www.kleingartenverein-ladenburg.de\/index.php?rest_route=\/wp\/v2\/pages\/109\/revisions\/1591"}],"wp:attachment":[{"href":"https:\/\/www.kleingartenverein-ladenburg.de\/index.php?rest_route=%2Fwp%2Fv2%2Fmedia&parent=109"}],"curies":[{"name":"wp","href":"https:\/\/api.w.org\/{rel}","templated":true}]}}